{"id":4251,"date":"2022-03-13T12:53:33","date_gmt":"2022-03-13T11:53:33","guid":{"rendered":"https:\/\/frontex-referendum.ch\/crowdfunding\/"},"modified":"2022-05-11T19:44:33","modified_gmt":"2022-05-11T17:44:33","slug":"crowdfunding","status":"publish","type":"page","link":"https:\/\/frontex-referendum.ch\/it\/crowdfunding\/","title":{"rendered":"Crowdfunding"},"content":{"rendered":"\n<div class=\"wp-block-group af-crowdfunding-head\"><div class=\"wp-block-group__inner-container is-layout-flow wp-block-group-is-layout-flow\">\n<div class=\"wp-block-group af-crowdfunding-head__nav\"><div class=\"wp-block-group__inner-container is-layout-flow wp-block-group-is-layout-flow\">\n<figure class=\"wp-block-image size-large af-crowdfunding-logo\"><a href=\"https:\/\/frontex-referendum.ch\/it\/\"><img loading=\"lazy\" decoding=\"async\" width=\"1350\" height=\"496\" src=\"https:\/\/frontex-referendum.ch\/wp-content\/uploads\/\/2021\/11\/Logo-No-Frontex-Referendum.svg\" alt=\"No Frontex Logo\" class=\"wp-image-1001\"\/><\/a><\/figure>\n\n\n<div\n\t class=\"wpml-ls-statics-shortcode_actions wpml-ls wpml-ls-legacy-dropdown js-wpml-ls-legacy-dropdown\">\n\t<ul>\n\n\t\t<li tabindex=\"0\" class=\"wpml-ls-slot-shortcode_actions wpml-ls-item wpml-ls-item-it wpml-ls-current-language wpml-ls-item-legacy-dropdown\">\n\t\t\t<a href=\"#\" class=\"js-wpml-ls-item-toggle wpml-ls-item-toggle\">\n                <span class=\"wpml-ls-native\">IT<\/span><\/a>\n\n\t\t\t<ul class=\"wpml-ls-sub-menu\">\n\t\t\t\t\n\t\t\t\t\t<li class=\"wpml-ls-slot-shortcode_actions wpml-ls-item wpml-ls-item-de wpml-ls-first-item\">\n\t\t\t\t\t\t<a href=\"https:\/\/frontex-referendum.ch\/\" class=\"wpml-ls-link\">\n                            <span class=\"wpml-ls-display\">DE<\/span><\/a>\n\t\t\t\t\t<\/li>\n\n\t\t\t\t\n\t\t\t\t\t<li class=\"wpml-ls-slot-shortcode_actions wpml-ls-item wpml-ls-item-fr\">\n\t\t\t\t\t\t<a href=\"https:\/\/frontex-referendum.ch\/fr\/\" class=\"wpml-ls-link\">\n                            <span class=\"wpml-ls-display\">FR<\/span><\/a>\n\t\t\t\t\t<\/li>\n\n\t\t\t\t\n\t\t\t\t\t<li class=\"wpml-ls-slot-shortcode_actions wpml-ls-item wpml-ls-item-en wpml-ls-last-item\">\n\t\t\t\t\t\t<a href=\"https:\/\/frontex-referendum.ch\/en\/\" class=\"wpml-ls-link\">\n                            <span class=\"wpml-ls-display\">EN<\/span><\/a>\n\t\t\t\t\t<\/li>\n\n\t\t\t\t\t\t\t<\/ul>\n\n\t\t<\/li>\n\n\t<\/ul>\n<\/div>\n\n<\/div><\/div>\n\n\n\n<h1 class=\"wp-block-heading\">Crowdfunding<\/h1>\n\n\n\n<p class=\"af-crowdfunding-head__lead has-medium-font-size\">Il 15 maggio si voter\u00e0 se la Svizzera deve partecipare alla vasta espansione di Frontex. Per rinforzare la nostra rivendicazione \u00abNo a Frontex \u2013 S\u00ec alla libert\u00e0 di movimento\u00bb, abbiamo bisogno del tuo sostegno finanziario.<\/p>\n\n\n\n<div class=\"wp-block-group af-crowdfunding-head__status\"><div class=\"wp-block-group__inner-container is-layout-flow wp-block-group-is-layout-flow\">\n<p class=\"af-crowdfunding-head__status__amount--current\">13\u2019692 CHF <\/p>\n\n\n\n<p class=\"af-crowdfunding-head__status__amount--goal\">da 50\u2019000 CHF<\/p>\n\n\n\n<div class=\"wp-block-group af-crowdfunding-head__status__time\"><div class=\"wp-block-group__inner-container is-layout-flow wp-block-group-is-layout-flow\">\n<p class=\"af-crowdfunding-head__status__countdown\">1 giorno rimasto<\/p>\n\n\n\n<p class=\"af-crowdfunding-head__status__date\">11 maggio, 19:42<\/p>\n<\/div><\/div>\n<\/div><\/div>\n\n\n\n<p class=\"af-box-m--link has-medium-font-size\"><a href=\"#donate\">Dona ora<\/a><\/p>\n<\/div><\/div>\n\n<div class=\"wp-block-group af-crowdfunding-body\"><div class=\"wp-block-group__inner-container is-layout-flow wp-block-group-is-layout-flow\">\n<div class=\"wp-block-group af-crowdfunding-body__explanations\"><div class=\"wp-block-group__inner-container is-layout-flow wp-block-group-is-layout-flow\">\n<h2 class=\"wp-block-heading\">Il problema con Frontex<\/h2>\n\n\n\n<p>Come guardia di frontiera e costiera europea, Frontex \u00e8 in parte responsabile della violenza, della miseria e della morte alle frontiere esterne dell&#8217;Europa. Le accuse contro Frontex sono gravi: assenza di trasparenza, chiusura di un occhio e coinvolgimento in violazioni dei diritti umani. Le ricerche confermano ci\u00f2 che le persone in fuga dicono da anni: Frontex \u00e8 complice delle violazioni dei diritti umani e dei respingimenti illegali.<\/p>\n\n\n\n<p>Tuttavia, ci sono piani per espandere in maniera considerevole Frontex &#8211; anche con i soldi della Svizzera. Il contributo annuale sar\u00e0 aumentato dagli attuali 14 milioni di franchi a 61 milioni di franchi all&#8217;anno fino al 2027. Contro questo \u00e8 stato lanciato con successo un referendum. Ora sar\u00e0 messo al voto il 15 maggio. Noi diciamo: No a Frontex.<\/p>\n\n\n\n<figure class=\"wp-block-video\"><video height=\"1500\" style=\"aspect-ratio: 1500 \/ 1500;\" width=\"1500\" controls=\"\" src=\"https:\/\/frontex-referendum.ch\/wp-content\/uploads\/2021\/11\/211113_feed_Video_Frontex_Fr-2_1.mp4\"><\/video><\/figure>\n\n\n<h2 class=\"wp-block-heading\">Il sostegno \u00e8 necessario per questo<\/h2>\n\n\n\n<p>Per rinforzare la nostra rivendicazione: \u00abNo a Frontex \u2013 S\u00ec alla libert\u00e0 di movimento\u00bb fino al 15 maggio, ci serve il tuo sostegno finanziario. Dovrebbe essere un referendum migratorio-solidale che dica S\u00cc alla libert\u00e0 di movimento per tutti e NO a Frontex. I privilegi dovrebbero essere usati contro la discriminazione. Le voci, le esperienze e gli interessi di tutti coloro che sono privati dei diritti, picchiati e deportati alle frontiere esterne a causa di Frontex o insieme ad essa dovrebbero essere meglio ascoltati e pi\u00f9 visibili in Svizzera &#8211; nel cuore della Fortezza Europa.<\/p>\n\n\n\n<p>Stampando volantini e manifesti, producendo brochures e bandiere, mettendo annunci, organizzando eventi informativi e pianificando azioni &#8211; vogliamo intervenire nel discorso pubblico in modo attivista. Non hai tempo? Nessun problema, aiutaci con una donazione per diffondere le nostre richieste.<\/p>\n\n\n\n<div class=\"wp-block-group af-crowdfunding-body__explanations__links\"><div class=\"wp-block-group__inner-container is-layout-flow wp-block-group-is-layout-flow\">\n<p class=\"af-box-m--link has-medium-font-size\"><a href=\"#donate\">Dona ora<\/a><\/p>\n\n\n\n<p class=\"af-box-m--link has-medium-font-size\"><a href=\"https:\/\/frontex-referendum.ch\/it\/\" data-type=\"page\" data-id=\"1047\">Maggiori informazioni sul referendum NoFrontex<\/a><\/p>\n<\/div><\/div>\n<\/div><\/div>\n\n\n\n<div class=\"wp-block-group af-crowdfunding-body__form\"><div class=\"wp-block-group__inner-container is-layout-flow wp-block-group-is-layout-flow\">\n<h2 class=\"visually-hidden wp-block-heading\">Modulo di donazione<\/h2>\n\n\n\n<div id=\"donate\" class=\"anchor\"><\/div>\n<div class=\"rnw-widget-container\"><\/div>\n<script src=\"https:\/\/tamaro.raisenow.com\/nofro-38c2\/latest\/widget.js\"><\/script><script>\nwindow.rnw.tamaro.runWidget('.rnw-widget-container', {\nlanguage: 'it'\n})\n<\/script>\n\n\n<div class=\"wp-block-group af-donate-account af-donate-account--crowdfunding\"><div class=\"wp-block-group__inner-container is-layout-flow wp-block-group-is-layout-flow\">\n<h2 class=\"wp-block-heading\" id=\"spendenkonto\">Conto donazione<\/h2>\n\n\n\n<p>Bleiberecht Bern<br\/>3000 Bern<br\/>IBAN: CH72 0900 0000 6024 4887 5<\/p>\n\n\n\n<p>Nota: \u00abFrontex-Referendum\u00bb<\/p>\n<\/div><\/div>\n<\/div><\/div>\n<\/div><\/div>\n","protected":false},"excerpt":{"rendered":"<p>Crowdfunding Il 15 maggio si voter\u00e0 se la Svizzera deve partecipare alla vasta espansione di Frontex. Per rinforzare la nostra rivendicazione \u00abNo a Frontex \u2013 S\u00ec alla libert\u00e0 di movimento\u00bb,&hellip;&nbsp;<a href=\"https:\/\/frontex-referendum.ch\/it\/crowdfunding\/\" class=\"\" rel=\"bookmark\">Leggi tutto &raquo;<span class=\"screen-reader-text\">Crowdfunding<\/span><\/a><\/p>\n","protected":false},"author":6,"featured_media":0,"parent":0,"menu_order":0,"comment_status":"closed","ping_status":"closed","template":"","meta":{"inline_featured_image":false,"neve_meta_sidebar":"full-width","neve_meta_container":"full-width","neve_meta_enable_content_width":"","neve_meta_content_width":0,"neve_meta_title_alignment":"","neve_meta_author_avatar":"","neve_post_elements_order":"","neve_meta_disable_header":"on","neve_meta_disable_footer":"on","neve_meta_disable_title":"on","neve_meta_reading_time":"","_EventAllDay":false,"_EventTimezone":"","_EventStartDate":"","_EventEndDate":"","_EventStartDateUTC":"","_EventEndDateUTC":"","_EventShowMap":false,"_EventShowMapLink":false,"_EventURL":"","_EventCost":"","_EventCostDescription":"","_EventCurrencySymbol":"","_EventCurrencyCode":"","_EventCurrencyPosition":"","_EventDateTimeSeparator":"","_EventTimeRangeSeparator":"","_EventOrganizerID":[],"_EventVenueID":[],"_OrganizerEmail":"","_OrganizerPhone":"","_OrganizerWebsite":"","_VenueAddress":"","_VenueCity":"","_VenueCountry":"","_VenueProvince":"","_VenueState":"","_VenueZip":"","_VenuePhone":"","_VenueURL":"","_VenueStateProvince":"","_VenueLat":"","_VenueLng":"","_VenueShowMap":false,"_VenueShowMapLink":false,"footnotes":""},"class_list":["post-4251","page","type-page","status-publish","hentry"],"jetpack_sharing_enabled":true,"_links":{"self":[{"href":"https:\/\/frontex-referendum.ch\/it\/wp-json\/wp\/v2\/pages\/4251","targetHints":{"allow":["GET"]}}],"collection":[{"href":"https:\/\/frontex-referendum.ch\/it\/wp-json\/wp\/v2\/pages"}],"about":[{"href":"https:\/\/frontex-referendum.ch\/it\/wp-json\/wp\/v2\/types\/page"}],"author":[{"embeddable":true,"href":"https:\/\/frontex-referendum.ch\/it\/wp-json\/wp\/v2\/users\/6"}],"replies":[{"embeddable":true,"href":"https:\/\/frontex-referendum.ch\/it\/wp-json\/wp\/v2\/comments?post=4251"}],"version-history":[{"count":116,"href":"https:\/\/frontex-referendum.ch\/it\/wp-json\/wp\/v2\/pages\/4251\/revisions"}],"predecessor-version":[{"id":6539,"href":"https:\/\/frontex-referendum.ch\/it\/wp-json\/wp\/v2\/pages\/4251\/revisions\/6539"}],"wp:attachment":[{"href":"https:\/\/frontex-referendum.ch\/it\/wp-json\/wp\/v2\/media?parent=4251"}],"curies":[{"name":"wp","href":"https:\/\/api.w.org\/{rel}","templated":true}]}}

<div class="wp-block-group af-crowdfunding-head"><div class="wp-block-group__inner-container is-layout-flow wp-block-group-is-layout-flow">
<div class="wp-block-group af-crowdfunding-head__nav"><div class="wp-block-group__inner-container is-layout-flow wp-block-group-is-layout-flow">
<figure class="wp-block-image size-large af-crowdfunding-logo"><a href="https://frontex-referendum.ch/it/"><img loading="lazy" decoding="async" width="1350" height="496" src="https://frontex-referendum.ch/wp-content/uploads//2021/11/Logo-No-Frontex-Referendum.svg" alt="No Frontex Logo" class="wp-image-1001"/></a></figure>


<div
	 class="wpml-ls-statics-shortcode_actions wpml-ls wpml-ls-legacy-dropdown js-wpml-ls-legacy-dropdown">
	<ul>

		<li tabindex="0" class="wpml-ls-slot-shortcode_actions wpml-ls-item wpml-ls-item-it wpml-ls-current-language wpml-ls-item-legacy-dropdown">
			<a href="#" class="js-wpml-ls-item-toggle wpml-ls-item-toggle">
                <span class="wpml-ls-native">IT</span></a>

			<ul class="wpml-ls-sub-menu">
				
					<li class="wpml-ls-slot-shortcode_actions wpml-ls-item wpml-ls-item-de wpml-ls-first-item">
						<a href="https://frontex-referendum.ch/" class="wpml-ls-link">
                            <span class="wpml-ls-display">DE</span></a>
					</li>

				
					<li class="wpml-ls-slot-shortcode_actions wpml-ls-item wpml-ls-item-fr">
						<a href="https://frontex-referendum.ch/fr/" class="wpml-ls-link">
                            <span class="wpml-ls-display">FR</span></a>
					</li>

				
					<li class="wpml-ls-slot-shortcode_actions wpml-ls-item wpml-ls-item-en wpml-ls-last-item">
						<a href="https://frontex-referendum.ch/en/" class="wpml-ls-link">
                            <span class="wpml-ls-display">EN</span></a>
					</li>

							</ul>

		</li>

	</ul>
</div>

</div></div>



<h1 class="wp-block-heading">Crowdfunding</h1>



<p class="af-crowdfunding-head__lead has-medium-font-size">Il 15 maggio si voterà se la Svizzera deve partecipare alla vasta espansione di Frontex. Per rinforzare la nostra rivendicazione «No a Frontex – Sì alla libertà di movimento», abbiamo bisogno del tuo sostegno finanziario.</p>



<div class="wp-block-group af-crowdfunding-head__status"><div class="wp-block-group__inner-container is-layout-flow wp-block-group-is-layout-flow">
<p class="af-crowdfunding-head__status__amount--current">13’692 CHF </p>



<p class="af-crowdfunding-head__status__amount--goal">da 50’000 CHF</p>



<div class="wp-block-group af-crowdfunding-head__status__time"><div class="wp-block-group__inner-container is-layout-flow wp-block-group-is-layout-flow">
<p class="af-crowdfunding-head__status__countdown">1 giorno rimasto</p>



<p class="af-crowdfunding-head__status__date">11 maggio, 19:42</p>
</div></div>
</div></div>



<p class="af-box-m--link has-medium-font-size"><a href="#donate">Dona ora</a></p>
</div></div>

<div class="wp-block-group af-crowdfunding-body"><div class="wp-block-group__inner-container is-layout-flow wp-block-group-is-layout-flow">
<div class="wp-block-group af-crowdfunding-body__explanations"><div class="wp-block-group__inner-container is-layout-flow wp-block-group-is-layout-flow">
<h2 class="wp-block-heading">Il problema con Frontex</h2>



<p>Come guardia di frontiera e costiera europea, Frontex è in parte responsabile della violenza, della miseria e della morte alle frontiere esterne dell&#8217;Europa. Le accuse contro Frontex sono gravi: assenza di trasparenza, chiusura di un occhio e coinvolgimento in violazioni dei diritti umani. Le ricerche confermano ciò che le persone in fuga dicono da anni: Frontex è complice delle violazioni dei diritti umani e dei respingimenti illegali.</p>



<p>Tuttavia, ci sono piani per espandere in maniera considerevole Frontex &#8211; anche con i soldi della Svizzera. Il contributo annuale sarà aumentato dagli attuali 14 milioni di franchi a 61 milioni di franchi all&#8217;anno fino al 2027. Contro questo è stato lanciato con successo un referendum. Ora sarà messo al voto il 15 maggio. Noi diciamo: No a Frontex.</p>



<figure class="wp-block-video"><video height="1500" style="aspect-ratio: 1500 / 1500;" width="1500" controls="" src="https://frontex-referendum.ch/wp-content/uploads/2021/11/211113_feed_Video_Frontex_Fr-2_1.mp4"></video></figure>


<h2 class="wp-block-heading">Il sostegno è necessario per questo</h2>



<p>Per rinforzare la nostra rivendicazione: «No a Frontex – Sì alla libertà di movimento» fino al 15 maggio, ci serve il tuo sostegno finanziario. Dovrebbe essere un referendum migratorio-solidale che dica SÌ alla libertà di movimento per tutti e NO a Frontex. I privilegi dovrebbero essere usati contro la discriminazione. Le voci, le esperienze e gli interessi di tutti coloro che sono privati dei diritti, picchiati e deportati alle frontiere esterne a causa di Frontex o insieme ad essa dovrebbero essere meglio ascoltati e più visibili in Svizzera &#8211; nel cuore della Fortezza Europa.</p>



<p>Stampando volantini e manifesti, producendo brochures e bandiere, mettendo annunci, organizzando eventi informativi e pianificando azioni &#8211; vogliamo intervenire nel discorso pubblico in modo attivista. Non hai tempo? Nessun problema, aiutaci con una donazione per diffondere le nostre richieste.</p>



<div class="wp-block-group af-crowdfunding-body__explanations__links"><div class="wp-block-group__inner-container is-layout-flow wp-block-group-is-layout-flow">
<p class="af-box-m--link has-medium-font-size"><a href="#donate">Dona ora</a></p>



<p class="af-box-m--link has-medium-font-size"><a href="https://frontex-referendum.ch/it/" data-type="page" data-id="1047">Maggiori informazioni sul referendum NoFrontex</a></p>
</div></div>
</div></div>



<div class="wp-block-group af-crowdfunding-body__form"><div class="wp-block-group__inner-container is-layout-flow wp-block-group-is-layout-flow">
<h2 class="visually-hidden wp-block-heading">Modulo di donazione</h2>



<div id="donate" class="anchor"></div>
<div class="rnw-widget-container"></div>
<script src="https://tamaro.raisenow.com/nofro-38c2/latest/widget.js"></script><script>
window.rnw.tamaro.runWidget('.rnw-widget-container', {
language: 'it'
})
</script>


<div class="wp-block-group af-donate-account af-donate-account--crowdfunding"><div class="wp-block-group__inner-container is-layout-flow wp-block-group-is-layout-flow">
<h2 class="wp-block-heading" id="spendenkonto">Conto donazione</h2>



<p>Bleiberecht Bern<br/>3000 Bern<br/>IBAN: CH72 0900 0000 6024 4887 5</p>



<p>Nota: «Frontex-Referendum»</p>
</div></div>
</div></div>
</div></div>

<p>Crowdfunding Il 15 maggio si voterà se la Svizzera deve partecipare alla vasta espansione di Frontex. Per rinforzare la nostra rivendicazione «No a Frontex – Sì alla libertà di movimento»,&hellip;&nbsp;<a href="https://frontex-referendum.ch/it/crowdfunding/" class="" rel="bookmark">Leggi tutto &raquo;<span class="screen-reader-text">Crowdfunding</span></a></p>
