{"id":4310,"date":"2022-03-16T00:24:08","date_gmt":"2022-03-15T23:24:08","guid":{"rendered":"https:\/\/frontex-referendum.ch\/crowdfunding\/"},"modified":"2022-05-11T19:44:17","modified_gmt":"2022-05-11T17:44:17","slug":"crowdfunding","status":"publish","type":"page","link":"https:\/\/frontex-referendum.ch\/fr\/crowdfunding\/","title":{"rendered":"Crowdfunding"},"content":{"rendered":"\n<div class=\"wp-block-group af-crowdfunding-head\"><div class=\"wp-block-group__inner-container is-layout-flow wp-block-group-is-layout-flow\">\n<div class=\"wp-block-group af-crowdfunding-head__nav\"><div class=\"wp-block-group__inner-container is-layout-flow wp-block-group-is-layout-flow\">\n<figure class=\"wp-block-image size-large af-crowdfunding-logo\"><a href=\"https:\/\/frontex-referendum.ch\/fr\/\"><img loading=\"lazy\" decoding=\"async\" width=\"1350\" height=\"496\" src=\"https:\/\/frontex-referendum.ch\/wp-content\/uploads\/\/2021\/11\/Logo-No-Frontex-Referendum.svg\" alt=\"No Frontex Logo\" class=\"wp-image-1000\"\/><\/a><\/figure>\n\n\n<div\n\t class=\"wpml-ls-statics-shortcode_actions wpml-ls wpml-ls-legacy-dropdown js-wpml-ls-legacy-dropdown\">\n\t<ul>\n\n\t\t<li tabindex=\"0\" class=\"wpml-ls-slot-shortcode_actions wpml-ls-item wpml-ls-item-fr wpml-ls-current-language wpml-ls-item-legacy-dropdown\">\n\t\t\t<a href=\"#\" class=\"js-wpml-ls-item-toggle wpml-ls-item-toggle\">\n                <span class=\"wpml-ls-native\">FR<\/span><\/a>\n\n\t\t\t<ul class=\"wpml-ls-sub-menu\">\n\t\t\t\t\n\t\t\t\t\t<li class=\"wpml-ls-slot-shortcode_actions wpml-ls-item wpml-ls-item-de wpml-ls-first-item\">\n\t\t\t\t\t\t<a href=\"https:\/\/frontex-referendum.ch\/\" class=\"wpml-ls-link\">\n                            <span class=\"wpml-ls-display\">DE<\/span><\/a>\n\t\t\t\t\t<\/li>\n\n\t\t\t\t\n\t\t\t\t\t<li class=\"wpml-ls-slot-shortcode_actions wpml-ls-item wpml-ls-item-it\">\n\t\t\t\t\t\t<a href=\"https:\/\/frontex-referendum.ch\/it\/\" class=\"wpml-ls-link\">\n                            <span class=\"wpml-ls-display\">IT<\/span><\/a>\n\t\t\t\t\t<\/li>\n\n\t\t\t\t\n\t\t\t\t\t<li class=\"wpml-ls-slot-shortcode_actions wpml-ls-item wpml-ls-item-en wpml-ls-last-item\">\n\t\t\t\t\t\t<a href=\"https:\/\/frontex-referendum.ch\/en\/\" class=\"wpml-ls-link\">\n                            <span class=\"wpml-ls-display\">EN<\/span><\/a>\n\t\t\t\t\t<\/li>\n\n\t\t\t\t\t\t\t<\/ul>\n\n\t\t<\/li>\n\n\t<\/ul>\n<\/div>\n\n<\/div><\/div>\n\n\n\n<h1 class=\"wp-block-heading\">Crowdfunding<\/h1>\n\n\n\n<p class=\"af-crowdfunding-head__lead has-medium-font-size\">Le 15 mai, on votera pour d\u00e9cider si la Suisse participe au d\u00e9veloppement massif de Frontex. Pour renforcer d&rsquo;ici l\u00e0 notre revendication : \u00abNon \u00e0 Frontex \u2013 Oui \u00e0 la libert\u00e9 de mouvement\u00bb, nous avons besoin de ton soutien financier.<\/p>\n\n\n\n<div class=\"wp-block-group af-crowdfunding-head__status\"><div class=\"wp-block-group__inner-container is-layout-flow wp-block-group-is-layout-flow\">\n<p class=\"af-crowdfunding-head__status__amount--current\">13 692 CHF <\/p>\n\n\n\n<p class=\"af-crowdfunding-head__status__amount--goal\">sur 50 000 CHF<\/p>\n\n\n\n<div class=\"wp-block-group af-crowdfunding-head__status__time\"><div class=\"wp-block-group__inner-container is-layout-flow wp-block-group-is-layout-flow\">\n<p class=\"af-crowdfunding-head__status__countdown\">Encore 1 jour<\/p>\n\n\n\n<p class=\"af-crowdfunding-head__status__date\">11 mai, 19h42<\/p>\n<\/div><\/div>\n<\/div><\/div>\n\n\n\n<p class=\"af-box-m--link has-medium-font-size\"><a href=\"#donate\">Faire un don<\/a><\/p>\n<\/div><\/div>\n\n<div class=\"wp-block-group af-crowdfunding-body\"><div class=\"wp-block-group__inner-container is-layout-flow wp-block-group-is-layout-flow\">\n<div class=\"wp-block-group af-crowdfunding-body__explanations\"><div class=\"wp-block-group__inner-container is-layout-flow wp-block-group-is-layout-flow\">\n<h2 class=\"wp-block-heading\">Le probl\u00e8me avec Frontex<\/h2>\n\n\n\n<p>En tant que garde-fronti\u00e8re et garde-c\u00f4te europ\u00e9en, Frontex est coresponsable de la violence, de la mis\u00e8re et de la mort aux fronti\u00e8res ext\u00e9rieures de l&rsquo;Europe. Les reproches faits \u00e0 Frontex sont lourds : manque de transparence, laisser-faire et m\u00eame participation aux violations des droits humains. Des recherches confirment ce que les personnes en fuite disent depuis des ann\u00e9es : Frontex est complice de violations des droits humains et de \u00abpushbacks\u00bb ill\u00e9gaux.<\/p>\n\n\n\n<p>Malgr\u00e9 cela, il est pr\u00e9vu de d\u00e9velopper massivement Frontex, notamment avec l&rsquo;argent de la Suisse. La contribution annuelle doit passer de 14 millions de francs aujourd&rsquo;hui \u00e0 61 millions de francs par an d&rsquo;ici 2027. Un r\u00e9f\u00e9rendum a \u00e9t\u00e9 lanc\u00e9 avec succ\u00e8s contre cette d\u00e9cision. La votation aura lieu le 15 mai. Nous disons : non \u00e0 Frontex.<\/p>\n\n\n\n<figure class=\"wp-block-video\"><video height=\"1500\" style=\"aspect-ratio: 1500 \/ 1500;\" width=\"1500\" controls=\"\" src=\"https:\/\/frontex-referendum.ch\/wp-content\/uploads\/2021\/11\/211113_feed_Video_Frontex_Fr-2_1.mp4\"><\/video><\/figure>\n\n\n<h2 class=\"wp-block-heading\">Pour cela, il faut du soutien<\/h2>\n\n\n\n<p>Pour renforcer d&rsquo;ici le 15 mai notre revendication : \u00abNon \u00e0 Frontex \u2013 Oui \u00e0 la libert\u00e9 de mouvement\u00bb, nous avons besoin de ton soutien financier. Il faut que \u00e7a soit un r\u00e9f\u00e9rendum migrant-solidaire qui dit OUI \u00e0 la libert\u00e9 de mouvement pour tous et NON \u00e0 Frontex. Les privil\u00e8ges doivent \u00eatre utilis\u00e9s contre les discriminations. Les voix, les exp\u00e9riences et les int\u00e9r\u00eats de tous ceux qui sont priv\u00e9s de leurs droits, battus et expuls\u00e9s aux fronti\u00e8res ext\u00e9rieures \u00e0 cause ou \u00e0 c\u00f4t\u00e9 de Frontex doivent \u00eatre mieux entendus et vus en Suisse \u2013 au c\u0153ur de la forteresse Europe.<\/p>\n\n\n\n<p>Imprimer des flyers et des affiches, produire des brochures et des drapeaux, passer des annonces et organiser des manifestations d\u2019information et planifier des actions \u2013 nous voulons intervenir de mani\u00e8re activiste dans le discours public. Tu n\u2019as pas le temps pour cela ? Pas de probl\u00e8me, aide-nous en faisant un don pour diffuser nos revendications.<\/p>\n\n\n\n<div class=\"wp-block-group af-crowdfunding-body__explanations__links\"><div class=\"wp-block-group__inner-container is-layout-flow wp-block-group-is-layout-flow\">\n<p class=\"af-box-m--link has-medium-font-size\"><a href=\"#donate\">Faire un don<\/a><\/p>\n\n\n\n<p class=\"af-box-m--link has-medium-font-size\"><a href=\"https:\/\/frontex-referendum.ch\/fr\/\" data-type=\"page\" data-id=\"1047\">Plus d&rsquo;informations sur le r\u00e9f\u00e9rendum NoFrontex<\/a><\/p>\n<\/div><\/div>\n<\/div><\/div>\n\n\n\n<div class=\"wp-block-group af-crowdfunding-body__form\"><div class=\"wp-block-group__inner-container is-layout-flow wp-block-group-is-layout-flow\">\n<h2 class=\"visually-hidden wp-block-heading\">Formulaire de don<\/h2>\n\n\n\n<div id=\"donate\" class=\"anchor\"><\/div>\n<div class=\"rnw-widget-container\"><\/div>\n<script src=\"https:\/\/tamaro.raisenow.com\/nofro-38c2\/latest\/widget.js\"><\/script><script>\nwindow.rnw.tamaro.runWidget('.rnw-widget-container', {\nlanguage: 'fr'\n})\n<\/script>\n\n\n<div class=\"wp-block-group af-donate-account af-donate-account--crowdfunding\"><div class=\"wp-block-group__inner-container is-layout-flow wp-block-group-is-layout-flow\">\n<h2 class=\"wp-block-heading\" id=\"spendenkonto\">Compte de dons<\/h2>\n\n\n\n<p>Bleiberecht Bern<br\/>3000 Bern<br\/>IBAN: CH72 0900 0000 6024 4887 5<\/p>\n\n\n\n<p>R\u00e9f\u00e9rence: \u00abFrontex-Referendum\u00bb<\/p>\n<\/div><\/div>\n<\/div><\/div>\n<\/div><\/div>\n","protected":false},"excerpt":{"rendered":"<p>Crowdfunding Le 15 mai, on votera pour d\u00e9cider si la Suisse participe au d\u00e9veloppement massif de Frontex. Pour renforcer d&rsquo;ici l\u00e0 notre revendication : \u00abNon \u00e0 Frontex \u2013 Oui \u00e0&hellip;&nbsp;<a href=\"https:\/\/frontex-referendum.ch\/fr\/crowdfunding\/\" class=\"\" rel=\"bookmark\">Lire la suite &raquo;<span class=\"screen-reader-text\">Crowdfunding<\/span><\/a><\/p>\n","protected":false},"author":6,"featured_media":0,"parent":0,"menu_order":0,"comment_status":"closed","ping_status":"closed","template":"","meta":{"inline_featured_image":false,"neve_meta_sidebar":"full-width","neve_meta_container":"full-width","neve_meta_enable_content_width":"","neve_meta_content_width":0,"neve_meta_title_alignment":"","neve_meta_author_avatar":"","neve_post_elements_order":"","neve_meta_disable_header":"on","neve_meta_disable_footer":"on","neve_meta_disable_title":"on","neve_meta_reading_time":"","_EventAllDay":false,"_EventTimezone":"","_EventStartDate":"","_EventEndDate":"","_EventStartDateUTC":"","_EventEndDateUTC":"","_EventShowMap":false,"_EventShowMapLink":false,"_EventURL":"","_EventCost":"","_EventCostDescription":"","_EventCurrencySymbol":"","_EventCurrencyCode":"","_EventCurrencyPosition":"","_EventDateTimeSeparator":"","_EventTimeRangeSeparator":"","_EventOrganizerID":[],"_EventVenueID":[],"_OrganizerEmail":"","_OrganizerPhone":"","_OrganizerWebsite":"","_VenueAddress":"","_VenueCity":"","_VenueCountry":"","_VenueProvince":"","_VenueState":"","_VenueZip":"","_VenuePhone":"","_VenueURL":"","_VenueStateProvince":"","_VenueLat":"","_VenueLng":"","_VenueShowMap":false,"_VenueShowMapLink":false,"footnotes":""},"class_list":["post-4310","page","type-page","status-publish","hentry"],"jetpack_sharing_enabled":true,"_links":{"self":[{"href":"https:\/\/frontex-referendum.ch\/fr\/wp-json\/wp\/v2\/pages\/4310","targetHints":{"allow":["GET"]}}],"collection":[{"href":"https:\/\/frontex-referendum.ch\/fr\/wp-json\/wp\/v2\/pages"}],"about":[{"href":"https:\/\/frontex-referendum.ch\/fr\/wp-json\/wp\/v2\/types\/page"}],"author":[{"embeddable":true,"href":"https:\/\/frontex-referendum.ch\/fr\/wp-json\/wp\/v2\/users\/6"}],"replies":[{"embeddable":true,"href":"https:\/\/frontex-referendum.ch\/fr\/wp-json\/wp\/v2\/comments?post=4310"}],"version-history":[{"count":175,"href":"https:\/\/frontex-referendum.ch\/fr\/wp-json\/wp\/v2\/pages\/4310\/revisions"}],"predecessor-version":[{"id":6538,"href":"https:\/\/frontex-referendum.ch\/fr\/wp-json\/wp\/v2\/pages\/4310\/revisions\/6538"}],"wp:attachment":[{"href":"https:\/\/frontex-referendum.ch\/fr\/wp-json\/wp\/v2\/media?parent=4310"}],"curies":[{"name":"wp","href":"https:\/\/api.w.org\/{rel}","templated":true}]}}

<div class="wp-block-group af-crowdfunding-head"><div class="wp-block-group__inner-container is-layout-flow wp-block-group-is-layout-flow">
<div class="wp-block-group af-crowdfunding-head__nav"><div class="wp-block-group__inner-container is-layout-flow wp-block-group-is-layout-flow">
<figure class="wp-block-image size-large af-crowdfunding-logo"><a href="https://frontex-referendum.ch/fr/"><img loading="lazy" decoding="async" width="1350" height="496" src="https://frontex-referendum.ch/wp-content/uploads//2021/11/Logo-No-Frontex-Referendum.svg" alt="No Frontex Logo" class="wp-image-1000"/></a></figure>


<div
	 class="wpml-ls-statics-shortcode_actions wpml-ls wpml-ls-legacy-dropdown js-wpml-ls-legacy-dropdown">
	<ul>

		<li tabindex="0" class="wpml-ls-slot-shortcode_actions wpml-ls-item wpml-ls-item-fr wpml-ls-current-language wpml-ls-item-legacy-dropdown">
			<a href="#" class="js-wpml-ls-item-toggle wpml-ls-item-toggle">
                <span class="wpml-ls-native">FR</span></a>

			<ul class="wpml-ls-sub-menu">
				
					<li class="wpml-ls-slot-shortcode_actions wpml-ls-item wpml-ls-item-de wpml-ls-first-item">
						<a href="https://frontex-referendum.ch/" class="wpml-ls-link">
                            <span class="wpml-ls-display">DE</span></a>
					</li>

				
					<li class="wpml-ls-slot-shortcode_actions wpml-ls-item wpml-ls-item-it">
						<a href="https://frontex-referendum.ch/it/" class="wpml-ls-link">
                            <span class="wpml-ls-display">IT</span></a>
					</li>

				
					<li class="wpml-ls-slot-shortcode_actions wpml-ls-item wpml-ls-item-en wpml-ls-last-item">
						<a href="https://frontex-referendum.ch/en/" class="wpml-ls-link">
                            <span class="wpml-ls-display">EN</span></a>
					</li>

							</ul>

		</li>

	</ul>
</div>

</div></div>



<h1 class="wp-block-heading">Crowdfunding</h1>



<p class="af-crowdfunding-head__lead has-medium-font-size">Le 15 mai, on votera pour décider si la Suisse participe au développement massif de Frontex. Pour renforcer d&rsquo;ici là notre revendication : «Non à Frontex – Oui à la liberté de mouvement», nous avons besoin de ton soutien financier.</p>



<div class="wp-block-group af-crowdfunding-head__status"><div class="wp-block-group__inner-container is-layout-flow wp-block-group-is-layout-flow">
<p class="af-crowdfunding-head__status__amount--current">13 692 CHF </p>



<p class="af-crowdfunding-head__status__amount--goal">sur 50 000 CHF</p>



<div class="wp-block-group af-crowdfunding-head__status__time"><div class="wp-block-group__inner-container is-layout-flow wp-block-group-is-layout-flow">
<p class="af-crowdfunding-head__status__countdown">Encore 1 jour</p>



<p class="af-crowdfunding-head__status__date">11 mai, 19h42</p>
</div></div>
</div></div>



<p class="af-box-m--link has-medium-font-size"><a href="#donate">Faire un don</a></p>
</div></div>

<div class="wp-block-group af-crowdfunding-body"><div class="wp-block-group__inner-container is-layout-flow wp-block-group-is-layout-flow">
<div class="wp-block-group af-crowdfunding-body__explanations"><div class="wp-block-group__inner-container is-layout-flow wp-block-group-is-layout-flow">
<h2 class="wp-block-heading">Le problème avec Frontex</h2>



<p>En tant que garde-frontière et garde-côte européen, Frontex est coresponsable de la violence, de la misère et de la mort aux frontières extérieures de l&rsquo;Europe. Les reproches faits à Frontex sont lourds : manque de transparence, laisser-faire et même participation aux violations des droits humains. Des recherches confirment ce que les personnes en fuite disent depuis des années : Frontex est complice de violations des droits humains et de «pushbacks» illégaux.</p>



<p>Malgré cela, il est prévu de développer massivement Frontex, notamment avec l&rsquo;argent de la Suisse. La contribution annuelle doit passer de 14 millions de francs aujourd&rsquo;hui à 61 millions de francs par an d&rsquo;ici 2027. Un référendum a été lancé avec succès contre cette décision. La votation aura lieu le 15 mai. Nous disons : non à Frontex.</p>



<figure class="wp-block-video"><video height="1500" style="aspect-ratio: 1500 / 1500;" width="1500" controls="" src="https://frontex-referendum.ch/wp-content/uploads/2021/11/211113_feed_Video_Frontex_Fr-2_1.mp4"></video></figure>


<h2 class="wp-block-heading">Pour cela, il faut du soutien</h2>



<p>Pour renforcer d&rsquo;ici le 15 mai notre revendication : «Non à Frontex – Oui à la liberté de mouvement», nous avons besoin de ton soutien financier. Il faut que ça soit un référendum migrant-solidaire qui dit OUI à la liberté de mouvement pour tous et NON à Frontex. Les privilèges doivent être utilisés contre les discriminations. Les voix, les expériences et les intérêts de tous ceux qui sont privés de leurs droits, battus et expulsés aux frontières extérieures à cause ou à côté de Frontex doivent être mieux entendus et vus en Suisse – au cœur de la forteresse Europe.</p>



<p>Imprimer des flyers et des affiches, produire des brochures et des drapeaux, passer des annonces et organiser des manifestations d’information et planifier des actions – nous voulons intervenir de manière activiste dans le discours public. Tu n’as pas le temps pour cela ? Pas de problème, aide-nous en faisant un don pour diffuser nos revendications.</p>



<div class="wp-block-group af-crowdfunding-body__explanations__links"><div class="wp-block-group__inner-container is-layout-flow wp-block-group-is-layout-flow">
<p class="af-box-m--link has-medium-font-size"><a href="#donate">Faire un don</a></p>



<p class="af-box-m--link has-medium-font-size"><a href="https://frontex-referendum.ch/fr/" data-type="page" data-id="1047">Plus d&rsquo;informations sur le référendum NoFrontex</a></p>
</div></div>
</div></div>



<div class="wp-block-group af-crowdfunding-body__form"><div class="wp-block-group__inner-container is-layout-flow wp-block-group-is-layout-flow">
<h2 class="visually-hidden wp-block-heading">Formulaire de don</h2>



<div id="donate" class="anchor"></div>
<div class="rnw-widget-container"></div>
<script src="https://tamaro.raisenow.com/nofro-38c2/latest/widget.js"></script><script>
window.rnw.tamaro.runWidget('.rnw-widget-container', {
language: 'fr'
})
</script>


<div class="wp-block-group af-donate-account af-donate-account--crowdfunding"><div class="wp-block-group__inner-container is-layout-flow wp-block-group-is-layout-flow">
<h2 class="wp-block-heading" id="spendenkonto">Compte de dons</h2>



<p>Bleiberecht Bern<br/>3000 Bern<br/>IBAN: CH72 0900 0000 6024 4887 5</p>



<p>Référence: «Frontex-Referendum»</p>
</div></div>
</div></div>
</div></div>

<p>Crowdfunding Le 15 mai, on votera pour décider si la Suisse participe au développement massif de Frontex. Pour renforcer d&rsquo;ici là notre revendication : «Non à Frontex – Oui à&hellip;&nbsp;<a href="https://frontex-referendum.ch/fr/crowdfunding/" class="" rel="bookmark">Lire la suite &raquo;<span class="screen-reader-text">Crowdfunding</span></a></p>
